437a
In base 7, what is -320160 + 1?
-320156
In base 9, what is 3 + 38832?
38835
In base 7, what is -260441 - -5?
-260433
In base 15, what is a30 - 9?
a26
In base 12, what is 153 + -298?
-145
In base 11, what is 13 - 38060a?
-3805a7
In base 15, what is -b3 - -23c7?
2314
In base 9, what is -1078348 + 5?
-1078343
In base 8, what is 7 + -26627?
-26620
In base 10, what is 58 - -5873?
5931
In base 6, what is 5230 + -22104?
-12434
In base 12, what is -62971 + -22?
-62993
In base 10, what is -12307 - -12?
-12295
In base 13, what is -9 + -a34?
-a40
In base 10, what is 3 + 25620?
25623
In base 2, what is 100110 - 110100100100110?
-110100100000000
In base 7, what is -140316 - -4?
-140312
In base 13, what is -280b0 + -17?
-280c7
In base 9, what is 11826 - 37?
11778
In base 6, what is -205035 - 4?
-205043
In base 13, what is -6 - 2414?
-241a
In base 2, what is -110111110100 + 0?
-110111110100
In base 4, what is 10311323 - 12?
10311311
In base 2, what is 0 - 110111101000111010?
-110111101000111010
In base 8, what is -1 + -26163?
-26164
In base 2, what is -10010110 + -11?
-10011001
In base 4, what is -312102113 + 2?
-312102111
In base 9, what is -24 - 54860?
-54884
In base 4, what is 2221 + 30310?
33131
In base 6, what is -1014304 - -4?
-1014300
In base 16, what is -9 + 58?
4f
In base 2, what is -1010000101001000011 - 101?
-1010000101001001000
In base 6, what is 31244 + -152?
31052
In base 13, what is 95 - -87?
14c
In base 10, what is 14 - 3239?
-3225
In base 12, what is 4 + -52431?
-52429
In base 10, what is 1 - 62577?
-62576
In base 8, what is 7653 - 0?
7653
In base 9, what is -1335286 + 2?
-1335284
In base 10, what is -1483 + 338?
-1145
In base 3, what is -11100210 - 12011?
-11112221
In base 13, what is -180 - 6ba?
-86a
In base 10, what is 1 + -572421?
-572420
In base 6, what is 13304 - 553?
12311
In base 13, what is 343 + -202?
141
In base 16, what is -559 - -eb?
-46e
In base 15, what is 4 - 2a90?
-2a8b
In base 16, what is 4d7d + 3?
4d80
In base 14, what is 4 - -6021?
6025
In base 10, what is 5 + -21009?
-21004
In base 5, what is 1121 + 20112?
21233
In base 11, what is 134516 - 1?
134515
In base 4, what is -301001202 + 0?
-301001202
In base 8, what is 7042 + -120?
6722
In base 3, what is 100020211 - -1001?
100021212
In base 12, what is 407 - -202?
609
In base 6, what is 2331 + -144?
2143
In base 8, what is -2733 + 54?
-2657
In base 10, what is -7 - -4141?
4134
In base 15, what is -2b0 - -61?
-24e
In base 3, what is -12 - 1211020011?
-1211020100
In base 6, what is -4225 + 213?
-4012
In base 12, what is -12077 + 5?
-12072
In base 7, what is -40456 + -65?
-40554
In base 4, what is -3202 + -1232332?
-1302200
In base 8, what is -277636 + -1?
-277637
In base 16, what is -1efb + 6?
-1ef5
In base 11, what is 68 + 126?
193
In base 15, what is 1a - 322a?
-3210
In base 4, what is -1 - 22302031?
-22302032
In base 14, what is 25 - 9a4?
-97d
In base 7, what is -261256 - 4?
-261263
In base 7, what is -452232 + -2?
-452234
In base 3, what is -12 - -110000012202?
110000012120
In base 7, what is -1 - -34155?
34154
In base 14, what is -3 + 3798b?
37988
In base 16, what is -1 + 4a?
49
In base 6, what is -2 - -105325?
105323
In base 10, what is -84363 + 1?
-84362
In base 6, what is -1231422 - 5?
-1231431
In base 11, what is -27 + -2274?
-22a0
In base 11, what is -18370 + 7?
-18364
In base 3, what is 1010 - 12001122211?
-12001121201
In base 4, what is 12220123031 + -11?
12220123020
In base 15, what is 5 - -d8ce?
d8d4
In base 16, what is -edd + 9?
-ed4
In base 15, what is -1b1 - 1e6?
-3a7
In base 12, what is 1 + 14ba7?
14ba8
In base 4, what is 1022133220 - -2?
1022133222
In base 6, what is -2 - -1521221?
1521215
In base 3, what is 12101 + 1101102?
1120210
In base 15, what is 8b20c + 1?
8b20d
In base 14, what is -c2 - 4bc4?
-4ca6
In base 7, what is -2 - -155032?
155030
In base 16, what is 13 + c6d?
c80
In base 5, what is -200341 + 13?
-200323
In base 7, what is -3 + 302155?
302152
In base 16, what is -2a - -558?
52e
In base 10, what is 377 + 2064?
2441
In base 12, what is -24534 + 13?
-24521
In base 9, what is -20303 - 517?
-20821
In base 3, what is 2202200 + 0?
2202200
In base 14, what is -8d9 - c0a?
-1705
In base 9, what is -87 - 44445?
-44543
In base 16, what is -23 + 3d4e?
3d2b
In base 14, what is 3 + 750ad?
750b2
In base 5, what is 104430 + 130?
110110
In base 16, what is 2883 - 8?
287b
In base 16, what is 12 - 10442?
-10430
In base 10, what is 4 + -33116?
-33112
In base 5, what is 2241310 - -1?
2241311
In base 5, what is 2203 + 302?
3010
In base 14, what is 154 + 5cc?
742
In base 11, what is -3 + -13733?
-13736
In base 3, what is 2110100 - 210?
2102120
In base 15, what is 2cab - -62?
2d1d
In base 7, what is -125043 + -202?
-125245
In base 15, what is 13ea5 - 5?
13ea0
In base 2, what is 1010111 + -11001110010011?
-11001100111100
In base 9, what is 23332 - -5?
23337
In base 8, what is 20 + -234032?
-234012
In base 12, what is -4 - 7646?
-764a
In base 9, what is -2521 + 8?
-2512
In base 12, what is -b - 18?
-27
In base 2, what is -101 + 10011001101001111?
10011001101001010
In base 5, what is -2030312 + 200?
-2030112
In base 2, what is 100011 + 10110011011?
10110111110
In base 16, what is 5512 - -4?
5516
In base 11, what is 61 + 2688a?
26940
In base 12, what is -5 + -40119?
-40122
In base 15, what is 4 - 194ac?
-194a8
In base 16, what is 1 - 18f?
-18e
In base 8, what is 26603 + 204?
27007
In base 11, what is 24459 + -29?
24430
In base 14, what is -1059d - -5?
-10598
In base 5, what is -11101 + 1222?
-4324
In base 9, what is -1 + -4781?
-4782
In base 14, what is 117 - -844?
95b
In base 5, what is -4 + 124303?
124244
In base 14, what is 313 + -11?
302
In base 12, what is -5 + -287a5?
-287aa
In base 12, what is -3 - 28330b?
-283312
In base 7, what is -4 + 21051?
21044
In base 14, what is -5 - 172da?
-17301
In base 16, what is 8 + 22be?
22c6
In base 7, what is 322324 + -5?
322316
In base 16, what is -1826 + -48?
-186e
In base 3, what is 2 + 111202221?
111210000
In base 11, what is 1604896 + -2?
1604894
In base 4, what is -11 + 330100222?
330100211
In base 12, what is 45 - 3b27?
-3aa2
In base 15, what is 2ae + -c4?
1da
In base 3, what is 12220 - -2001?
21221
In base 13, what is 20089 - 0?
20089
In base 8, what is 44 + 15122?
15166
In base 9, what is -4 + 612214?
612210
In base 2, what is -11011 + -10101000100010?
-10101000111101
In base 8, what is -3 + -17200?
-17203
In base 13, what is 0 - -150310?
150310
In base 11, what is -1700822 - -4?
-1700819
In base 5, what is -30 + -4103013?
-4103043
In base 5, what is -3 - -21321?
21313
In base 16, what is 2 + -5b3e5?
-5b3e3
In base 5, what is 4401 - 33?
4313
In base 4, what is -201211 - 3330?
-211201
In base 8, what is 11766 + 27?
12015
In base 9, what is -44 + -263?
-317
In base 6, what is 4 + 22112055?
22112103
In base 11, what is -134564 + -6?
-13456a
In base 8, what is -13264 + 615?
-12447
In base 5, what is -14432223 + 2?
-14432221
In base 9, what is -25107 - 178?
-25286
In base 13, what is 4 - -26173?
26177
In base 15, what is 3 - -c3a?
c3d
In base 15, what is 6 - -804?
80a
In base 5, what is -42 + 4131?
4034
In base 5, what is -144 + -102013?
-102212
In base 11, what is 0 + -482a3?
-482a3
In base 16, what is 28 + -2517?
-24ef
In base 4, what is 12101112 + -221?
12100231
In base 11, what is -24 - -236?
212
In base 13, what is 1a04 + 68?
1a6c
In base 15, what is -a22c7 + -8?
-a22d0
In base 12, what is -30 - -8658?
8628
In base 3, what is 10201201 + -1100?
10200101
In base 14, what is -4 + -9b8b?
-9b91
In base 8, what is -5 - -17466?
17461
In base 12, what is 45 + -222?
-199
In base 5, what is -31 - -223123?
223042
In base 15, what is -3 + -3655?
-3658
In base 15, what is 6 - de06?
-de00
In base 15, what is -19 - -57a?
561
In base 8, what is 2 + -23521?
-23517
In base 13, what is 34712 - 5?
3470a
In base 7, what is 0 - -136463?
136463
In base 10, what is 14 - -14109?
14123
In base 6, what is -35 + -314314?
-314353
In base 13, what is -20 - -4a7?
487
In base 7, what is 5 - 1554?
-1546
In base 7, what is -346 + -306?
-655
In base 8, what is 3 - 11710?
-11705
In base 9, what is -7 - 20831?
-20838
In base 9, what is -4 - -14431?
14426
In base 9, what is 756155 - 5?
756150
In base 3, what is -1 - 1102102212100?
-1102102212101
In ba